{"id":105,"date":"2016-02-02T18:26:49","date_gmt":"2016-02-02T18:26:49","guid":{"rendered":"http:\/\/wahlendorf.be\/?page_id=105"},"modified":"2016-02-02T20:51:31","modified_gmt":"2016-02-02T20:51:31","slug":"impressum","status":"publish","type":"page","link":"https:\/\/wahlendorf.be\/?page_id=105","title":{"rendered":"Impressum"},"content":{"rendered":"<p><img loading=\"lazy\" decoding=\"async\" class=\"alignright wp-image-108 \" src=\"https:\/\/wahlendorf.be\/wp-content\/uploads\/webmaster-396x400.jpg\" alt=\"webmaster\" width=\"309\" height=\"312\" srcset=\"https:\/\/wahlendorf.be\/wp-content\/uploads\/webmaster-396x400.jpg 396w, https:\/\/wahlendorf.be\/wp-content\/uploads\/webmaster-148x150.jpg 148w, https:\/\/wahlendorf.be\/wp-content\/uploads\/webmaster.jpg 488w\" sizes=\"auto, (max-width: 309px) 100vw, 309px\" \/>Inhaber und Betreiber dieser Seite:<br \/>\nFriedrich Zingg<\/p>\n<p>&nbsp;<\/p>\n<p><span style=\"color: #333399;\"><strong>Viel Vergn\u00fcgen beim Surfen&#8230;<\/strong><\/span><\/p>\n<p><strong>Rechtliches<\/strong><br \/>\nAufgrund der Rechtssprechung in einigen L\u00e4ndern kann derjenige haftbar gemacht werden, der auf seinen Seiten auf Adressen verweist, die m\u00f6glicherweise einen strafbaren Inhalt verbreiten oder auf strafbare Inhalte und Seiten weiter verweisen, es sei denn, er schliesst eindeutig eine solche Haftung aus. Die angef\u00fchrten Links hier auf meiner Webseite wurden nach bestem Wissen und Gewissen gepr\u00fcft, trotzdem kann ich in keiner Art und Weise f\u00fcr die Inhalte der hier von uns aufgef\u00fchrten Adressen, Links und Webseiten irgendwelche Haftung \u00fcbernehmen. Diese Erkl\u00e4rung gebe ich sinngem\u00e4ss f\u00fcr alle L\u00e4nder und alle Sprachen dieser Welt ab.<\/p>\n<p><strong>Urheberrecht<\/strong><br \/>\nDer Betreiber ist bestrebt, in allen Publikationen geltende Urheberrechte zu beachten. Sollte es trotzdem zu einer Urheberrechtsverletzung kommen, wird der Betreiber das entsprechende Objekt nach Benachrichtigung aus seiner Publikation entfernen bzw. mit dem entsprechenden Urheberrecht kenntlich machen. Alle innerhalb des Internetangebots genannten und gegebenenfalls durch Dritte gesch\u00fctzten Marken- und Warenzeichen unterliegen uneingeschr\u00e4nkt den Bestimmungen des jeweils g\u00fcltigen Kennzeichenrechts und den Besitzrechten der jeweiligen eingetragenen Eigent\u00fcmer. Allein aufgrund der blo\u00dfen Nennung ist nicht der Schluss zu ziehen, dass Markenzeichen nicht durch Rechte Dritter gesch\u00fctzt sind. Das Urheberrecht f\u00fcr die eigenen Inhalte die der Betreiber auf der Domain www.wahlendorf.be steht allein dem Betreiber zu. Eine Vervielf\u00e4ltigung der Grafiken, Sounds oder Texte in anderen elektronischen oder gedruckten Publikationen ist ohne ausdr\u00fcckliche Zustimmung der Betreiber nicht gestattet.<\/p>\n<p>Wahlendorf, 02.02.2016 Friedrich Zingg<br \/>\n<a href=\"mailto:fzingg@gmx.ch\">e-mail -&gt;<\/a><\/p>\n<p><a href=\"https:\/\/wahlendorf.be\/?page_id=121\">Testlink<\/a><\/p>\n","protected":false},"excerpt":{"rendered":"<p>Inhaber und Betreiber dieser Seite: Friedrich Zingg &nbsp; Viel Vergn\u00fcgen beim Surfen&#8230; Rechtliches Aufgrund der Rechtssprechung in einigen L\u00e4ndern kann derjenige haftbar gemacht werden, der auf seinen Seiten auf Adressen verweist, die m\u00f6glicherweise einen strafbaren Inhalt verbreiten oder auf strafbare Inhalte und Seiten weiter verweisen, es sei denn, er schliesst\u2026<\/p>\n<p class=\"continue-reading-button\"> <a class=\"continue-reading-link\" href=\"https:\/\/wahlendorf.be\/?page_id=105\">.<i class=\"crycon-right-dir\"><\/i><\/a><\/p>\n","protected":false},"author":1,"featured_media":0,"parent":0,"menu_order":160,"comment_status":"closed","ping_status":"closed","template":"","meta":{"footnotes":""},"class_list":["post-105","page","type-page","status-publish","hentry"],"_links":{"self":[{"href":"https:\/\/wahlendorf.be\/index.php?rest_route=\/wp\/v2\/pages\/105","targetHints":{"allow":["GET"]}}],"collection":[{"href":"https:\/\/wahlendorf.be\/index.php?rest_route=\/wp\/v2\/pages"}],"about":[{"href":"https:\/\/wahlendorf.be\/index.php?rest_route=\/wp\/v2\/types\/page"}],"author":[{"embeddable":true,"href":"https:\/\/wahlendorf.be\/index.php?rest_route=\/wp\/v2\/users\/1"}],"replies":[{"embeddable":true,"href":"https:\/\/wahlendorf.be\/index.php?rest_route=%2Fwp%2Fv2%2Fcomments&post=105"}],"version-history":[{"count":8,"href":"https:\/\/wahlendorf.be\/index.php?rest_route=\/wp\/v2\/pages\/105\/revisions"}],"predecessor-version":[{"id":136,"href":"https:\/\/wahlendorf.be\/index.php?rest_route=\/wp\/v2\/pages\/105\/revisions\/136"}],"wp:attachment":[{"href":"https:\/\/wahlendorf.be\/index.php?rest_route=%2Fwp%2Fv2%2Fmedia&parent=105"}],"curies":[{"name":"wp","href":"https:\/\/api.w.org\/{rel}","templated":true}]}}